of 6788547?
7
What is the hundreds digit of 107478?
4
What is the hundreds digit of 12539290?
2
What is the thousands digit of 8056153?
6
What is the units digit of 3477363?
3
What is the hundreds digit of 16279472?
4
What is the millions digit of 7435147?
7
What is the hundreds digit of 1191948?
9
What is the hundreds digit of 19392995?
9
What is the thousands digit of 1250395?
0
What is the hundred thousands digit of 2284232?
2
What is the hundreds digit of 345232?
2
What is the hundred thousands digit of 235972?
2
What is the units digit of 762121?
1
What is the hundreds digit of 3240754?
7
What is the hundred thousands digit of 2314931?
3
What is the millions digit of 2782564?
2
What is the tens digit of 175627?
2
What is the hundreds digit of 521304?
3
What is the tens digit of 6875544?
4
What is the ten thousands digit of 1281921?
8
What is the units digit of 294811?
1
What is the tens digit of 7465713?
1
What is the hundreds digit of 766639?
6
What is the hundred thousands digit of 221133?
2
What is the tens digit of 791931?
3
What is the hundreds digit of 232128?
1
What is the units digit of 9490402?
2
What is the hundreds digit of 435934?
9
What is the ten thousands digit of 67127?
6
What is the hundreds digit of 1521606?
6
What is the hundred thousands digit of 8793116?
7
What is the units digit of 572699?
9
What is the units digit of 294437?
7
What is the units digit of 216037?
7
What is the millions digit of 10243545?
0
What is the thousands digit of 266810?
6
What is the thousands digit of 568975?
8
What is the ten thousands digit of 245559?
4
What is the units digit of 429173?
3
What is the thousands digit of 2127438?
7
What is the hundreds digit of 604527?
5
What is the millions digit of 3793028?
3
What is the tens digit of 223812?
1
What is the thousands digit of 188495?
8
What is the hundreds digit of 7757553?
5
What is the units digit of 3176654?
4
What is the thousands digit of 4453320?
3
What is the tens digit of 342994?
9
What is the ten thousands digit of 185023?
8
What is the millions digit of 19497232?
9
What is the thousands digit of 45665?
5
What is the thousands digit of 12984067?
4
What is the tens digit of 853685?
8
What is the ten thousands digit of 1017471?
1
What is the tens digit of 9643537?
3
What is the hundreds digit of 3206989?
9
What is the hundreds digit of 2174947?
9
What is the units digit of 65501?
1
What is the thousands digit of 167753?
7
What is the ten thousands digit of 193734?
9
What is the tens digit of 604221?
2
What is the tens digit of 3781254?
5
What is the ten thousands digit of 9170125?
7
What is the tens digit of 1986408?
0
What is the tens digit of 59880?
8
What is the hundred thousands digit of 872236?
8
What is the millions digit of 3567378?
3
What is the thousands digit of 377991?
7
What is the millions digit of 1818056?
1
What is the ten thousands digit of 6961791?
6
What is the hundreds digit of 12133?
1
What is the tens digit of 31205575?
7
What is the units digit of 425127?
7
What is the ten millions digit of 26742280?
2
What is the hundreds digit of 2324414?
4
What is the ten thousands digit of 1109154?
0
What is the thousands digit of 275170?
5
What is the thousands digit of 5864061?
4
What is the ten thousands digit of 258966?
5
What is the hundreds digit of 14480761?
7
What is the hundred thousands digit of 146414?
1
What is the millions digit of 4928849?
4
What is the hundreds digit of 6016236?
2
What is the thousands digit of 1000580?
0
What is the hundreds digit of 295389?
3
What is the tens digit of 27485348?
4
What is the hundreds digit of 11767?
7
What is the hundred thousands digit of 229833?
2
What is the thousands digit of 566699?
6
What is the units digit of 1547061?
1
What is the tens digit of 302887?
8
What is the ten millions digit of 14396409?
1
What is the units digit of 8589726?
6
What is the thousands digit of 109143?
9
What is the thousands digit of 2646640?
6
What is the tens digit of 2331049?
4
What is the tens digit of 11268208?
0
What is the hundred thousands digit of 328883?
3
What is the thousands digit of 3474940?
4
What is the tens digit of 653543?
4
What is the ten thousands digit of 12963481?
6
What is the ten thousands digit of 1015917?
1
What is the thousands digit of 7620874?
0
What is the ten thousands digit of 162055?
6
What is the units digit of 5962674?
4
What is the tens digit of 4263982?
8
What is the tens digit of 41659377?
7
What is the tens digit of 678781?
8
What is the hundreds digit of 489401?
4
What is the units digit of 138202?
2
What is the tens digit of 671728?
2
What is the thousands digit of 965902?
5
What is the tens digit of 340812?
1
What is the ten thousands digit of 9170414?
7
What is the hundreds digit of 138914?
9
What is the thousands digit of 233615?
3
What is the hundreds digit of 258758?
7
What is the hundreds digit of 1303060?
0
What is the hundred thousands digit of 746918?
7
What is the hundred thousands digit of 12932871?
9
What is the tens digit of 19336537?
3
What is the units digit of 13312641?
1
What is the thousands digit of 8483360?
3
What is the tens digit of 939222?
2
What is the ten millions digit of 12439758?
1
What is the thousands digit of 668313?
8
What is the units digit of 4167041?
1
What is the ten millions digit of 22419231?
2
What is the hundreds digit of 450078?
0
What is the hundred thousands digit of 338747?
3
What is the ten thousands digit of 26888?
2
What is the tens digit of 1659085?
8
What is the hundreds digit of 155378?
3
What is the thousands digit of 698859?
8
What is the hundreds digit of 545688?
6
What is the ten thousands digit of 477389?
7
What is the hundred thousands digit of 380579?
3
What is the ten thousands digit of 275971?
7
What is the ten thousands digit of 138840?
3
What is the thousands digit of 20119?
0
What is the hundreds digit of 46036?
0
What is the millions digit of 1003705?
1
What is the hundred thousands digit of 2321488?
3
What is the hundreds digit of 84729?
7
What is the hundred thousands digit of 381091?
3
What is the ten thousands digit of 18885371?
8
What is the ten thousands digit of 1415136?
1
What is the units digit of 331047?
7
What is the tens digit of 206908?
0
What is the ten thousands digit of 40417?
4
What is the hundred thousands digit of 6283447?
2
What is the hundred thousands digit of 10172653?
1
What is the thousands digit of 2024923?
4
What is the ten thousands digit of 344010?
4
What is the ten thousands digit of 1556445?
5
What is the millions digit of 1668910?
1
What is the millions digit of 9433290?
9
What is the thousands digit of 36807?
6
What is the units digit of 177545?
5
What is the hundreds digit of 268878?
8
What is the hundred thousands digit of 566892?
5
What is the tens digit of 221169?
6
What is the millions digit of 2188014?
2
What is the ten millions digit of 23760508?
2
What is the tens digit of 399270?
7
What is the ten millions digit of 21744691?
2
What is the units digit of 10746244?
4
What is the tens digit of 956708?
0
What is the hundreds digit of 4812778?
7
What is the ten thousands digit of 218790?
1
What is the thousands digit of 349971?
9
What is the hundred thousands digit of 247850?
2
What is the hundred thousands digit of 2251620?
2
What is the hundreds digit of 1346668?
6
What is the units digit of 1587112?
2
What is the ten thousands digit of 1338288?
3
What is the tens digit of 1512239?
3
What is the thousands digit of 249668?
9
What is the ten thousands digit of 370841?
7
What is the millions digit of 10284311?
0
What is the ten thousands digit of 1743765?
4
What is the hundreds digit of 852483?
4
What is the tens digit of 35734?
3
What is the hundreds digit of 1384864?
8
What is the tens digit of 254806?
0
What is the millions digit of 1636512?
1
What is the ten thousands digit of 415549?
1
What is the hundreds digit of 3339296?
2
What is the hundred thousands digit of 331529?
3
What is the ten millions digit of 13704221?
1
What is the units digit of 266226?
6
What is the hundreds digit of 1011037?
0
What is the hundred thousands digit of 499511?
4
What is the hundred thousands digit of 1263132?
2
What is the hundreds digit of 6978948?
9
What is the tens digit of 717327?
2
What is the hundreds digit 